 and 492700.
1516
Calculate the highest common factor of 178 and 309898.
178
Calculate the greatest common divisor of 772 and 12931.
193
What is the greatest common divisor of 412 and 130398?
206
Calculate the greatest common factor of 2765 and 61146.
79
What is the highest common divisor of 20513824 and 32?
32
What is the highest common divisor of 238 and 133722?
34
Calculate the greatest common divisor of 109250 and 3933.
437
Calculate the greatest common divisor of 151 and 320120.
151
Calculate the greatest common divisor of 1080984 and 3085.
617
What is the highest common divisor of 78578 and 808?
202
Calculate the greatest common factor of 278772 and 3588.
156
What is the greatest common factor of 36692 and 16?
4
What is the greatest common factor of 20640 and 41796?
516
Calculate the greatest common divisor of 671 and 12881.
11
Calculate the highest common divisor of 586 and 71199.
293
Calculate the greatest common divisor of 976320 and 19440.
2160
Calculate the highest common factor of 816 and 6375.
51
What is the greatest common factor of 444489 and 2748?
687
What is the greatest common divisor of 2305380 and 660?
660
What is the greatest common factor of 8570 and 5?
5
Calculate the highest common factor of 1635343 and 743.
743
Calculate the highest common divisor of 2656 and 109892.
332
What is the highest common factor of 15341 and 12167?
529
What is the highest common factor of 1909023 and 12507?
1137
What is the highest common divisor of 10752 and 5696?
64
Calculate the highest common divisor of 85 and 504339.
17
Calculate the highest common divisor of 1894232 and 8.
8
What is the highest common divisor of 52218 and 297?
27
What is the highest common factor of 1318432 and 32?
32
What is the greatest common factor of 2139 and 8832?
69
What is the greatest common factor of 211677 and 888?
111
Calculate the highest common divisor of 44 and 136378.
22
What is the highest common factor of 1141734 and 66?
66
What is the greatest common factor of 206650 and 50?
50
What is the greatest common divisor of 1683111 and 3227?
461
Calculate the highest common factor of 2204 and 1421.
29
Calculate the greatest common divisor of 72 and 243992.
8
Calculate the greatest common factor of 610 and 3904.
122
What is the highest common divisor of 8 and 572216?
8
What is the highest common factor of 1278 and 2769?
213
Calculate the greatest common divisor of 1672 and 70048.
88
Calculate the greatest common factor of 132096 and 1806.
258
What is the highest common factor of 61050 and 429?
33
What is the highest common divisor of 3120 and 570?
30
Calculate the highest common divisor of 191 and 29605.
191
Calculate the highest common divisor of 1099 and 204257.
157
What is the greatest common divisor of 105295 and 10?
5
Calculate the highest common factor of 2988 and 139689.
747
Calculate the greatest common divisor of 822 and 638009.
137
Calculate the greatest common factor of 390 and 22488.
6
What is the highest common divisor of 18693 and 310?
31
Calculate the greatest common divisor of 9869 and 2272.
71
What is the highest common factor of 831828 and 206?
206
Calculate the highest common divisor of 27 and 67878.
27
Calculate the greatest common factor of 3692019 and 29.
29
Calculate the greatest common divisor of 1253 and 31504.
179
Calculate the highest common divisor of 569 and 1982.
1
Calculate the greatest common factor of 54704 and 8.
8
What is the greatest common factor of 11920 and 2480?
80
What is the greatest common divisor of 875 and 146825?
175
What is the greatest common factor of 18 and 2181?
3
Calculate the greatest common factor of 4 and 7354.
2
What is the greatest common factor of 15924 and 2?
2
Calculate the highest common factor of 3796 and 13364.
52
Calculate the greatest common divisor of 1325888 and 16.
16
What is the highest common divisor of 24487 and 5499?
47
Calculate the highest common factor of 155 and 20057.
31
What is the greatest common factor of 244770 and 13530?
1230
What is the greatest common factor of 593900 and 1300?
100
What is the greatest common factor of 60 and 224695?
5
Calculate the highest common divisor of 34888 and 801.
89
What is the highest common factor of 176 and 2310352?
176
What is the greatest common divisor of 22661 and 465?
31
Calculate the greatest common factor of 3834 and 159.
3
What is the greatest common factor of 1344 and 18536?
56
What is the greatest common divisor of 4 and 1142924?
4
What is the greatest common divisor of 991290 and 45?
15
What is the greatest common divisor of 131 and 330251?
131
Calculate the greatest common divisor of 415 and 452765.
415
Calculate the highest common divisor of 1722 and 894210.
246
What is the highest common divisor of 73236 and 204?
204
Calculate the highest common factor of 13673 and 8107.
121
What is the greatest common divisor of 7709 and 403?
13
Calculate the greatest common factor of 8512 and 1197.
133
What is the greatest common divisor of 36 and 57492?
36
What is the highest common factor of 91 and 9345?
7
Calculate the highest common divisor of 217091 and 49.
7
Calculate the highest common factor of 331638 and 186.
186
Calculate the greatest common factor of 124 and 226796.
124
What is the highest common divisor of 884 and 2867254?
442
What is the greatest common divisor of 100 and 27400?
100
What is the greatest common factor of 120914 and 4?
2
Calculate the greatest common divisor of 8 and 196264.
8
Calculate the greatest common factor of 4399 and 27719.
53
What is the highest common divisor of 65448 and 48276?
324
Calculate the greatest common factor of 39 and 38883.
39
What is the greatest common divisor of 1659 and 3549?
21
Calculate the greatest common divisor of 31 and 128123.
31
What is the highest common divisor of 3120 and 1830?
30
What is the greatest common divisor of 968 and 1320?
88
What is the highest common divisor of 8112 and 104208?
624
What is the highest common factor of 80 and 100784?
16
Calculate the highest common divisor of 41449 and 916.
229
What is the greatest common factor of 942 and 267999?
471
What is the greatest common divisor of 19942 and 3718?
338
What is the greatest common factor of 14 and 7878703?
7
Calculate the greatest common divisor of 9812 and 14652.
44
What is the greatest common divisor of 2344 and 24?
8
Calculate the highest common divisor of 60 and 12879.
3
Calculate the greatest common factor of 66 and 1562.
22
What is the highest common factor of 100 and 3279550?
50
Calculate the highest common factor of 328 and 58712.
328
What is the highest common factor of 413215 and 363?
121
What is the greatest common divisor of 1325 and 75?
25
What is the greatest common factor of 486 and 29880?
18
Calculate the greatest common divisor of 47277 and 8748.
27
What is the greatest common factor of 12579 and 21?
21
Calculate the highest common factor of 3635 and 205.
5
What is the highest common factor of 19 and 3636467?
19
Calculate the greatest common factor of 62 and 26071.
31
Calculate the greatest common factor of 1709682 and 299.
299
Calculate the greatest common factor of 43270 and 70.
10
Calculate the greatest common divisor of 156031 and 463.
463
Calculate the greatest common factor of 63 and 2079.
63
Calculate the greatest common factor of 2105 and 1520.
5
What is the highest common factor of 95 and 2300672?
19
What is the greatest common divisor of 24 and 70920?
24
What is the highest common divisor of 3977 and 1843?
97
What is the highest common factor of 757 and 267221?
757
Calculate the highest common divisor of 331982 and 322.
322
What is the highest common factor of 2514 and 301261?
419
Calculate the greatest common factor of 56 and 33978.
14
What is the highest common divisor of 740992 and 77?
7
Calculate the greatest common factor of 34762 and 1183.
91
Calculate the greatest common factor of 12 and 69492.
12
Calculate the greatest common factor of 3596 and 904.
4
What is the greatest common factor of 313 and 105481?
313
What is the highest common factor of 25771 and 1?
1
What is the highest common factor of 52 and 458055?
13
What is the greatest common factor of 2106 and 810?
162
What is the highest common factor of 1242 and 13087?
23
What is the greatest common divisor of 7802 and 38014?
166